 8*v + 11*v. Determine q(5).
2
Suppose s = 3*y - 166, -4*s + 9 = y - 42. Let z be (-2)/11 + 340/y. Let h(t) = -t - 3 + 5 + 9 - z. What is h(4)?
1
Let j be (-8)/(-20)*((-15)/(-2) - 0). Let r(v) = -2*v**3 + 3*v**2 + v - 4. Determine r(j).
-28
Let z(o) be the third derivative of o**8/1008 + o**7/5040 + 9*o**5/20 - o**2 + 6. Let r(l) be the third derivative of z(l). Calculate r(-1).
19
Let g(r) = r**3 + 9*r**2 + 3. Let x be g(-9). Let a(m) = 7*m + 135 - 139 + m**x + 4*m**2 - 2*m**3. Give a(5).
6
Let r(y) = -y**2 + 3*y. Let g(a) be the first derivative of 2*a**3/3 + a**2/2 - a - 5. Let n be -1*(6 + -2)/(-4). Let t be g(n). What is r(t)?
2
Suppose 0 = -2*q + 5*o + 29, 0 = 15*q - 20*q - o + 32. Let a(k) = -k**2 + 9*k + 4. Give a(q).
18
Let o(n) = -n**3 + 7*n**2 - 10*n + 9. Suppose 10*d - 3*d = -98. Let r be (-35)/10*24/d. What is o(r)?
-15
Let p(r) = 3*r**2 + 3*r - 27. Let y(q) = -2*q**2 - 4*q + 22. Let o(g) = -3*p(g) - 4*y(g). Determine o(8).
-15
Let s(k) be the second derivative of k**4/12 - 4*k**3/3 - 5*k**2/2 - 397*k. What is s(10)?
15
Suppose 3*p + 72 = -5*l, 2*l + 26 = -2*p + 6*l. Let g = 29 + p. Suppose 4*y - 10 = -2*b, 2*y - b = b - g. Let i(k) = k - 6. What is i(y)?
-6
Let i be (2 + (-1)/(-1))/(22 - 23). Let p(l) = 9*l + 3. Give p(i).
-24
Let y(z) = 12*z - 22. Let u(l) = 10*l - 1. Let p(a) = 11*a. Let g(x) = 6*p(x) - 7*u(x). Let c(k) = -7*g(k) - 2*y(k). Calculate c(4).
11
Suppose 5*z = -5*r - 45, -r + 26 = -5*z + 5. Let m(n) = n**2 + 5*n. Calculate m(r).
-4
Let f be 2/(-3)*45/10 - -233. Let p(s) = -231*s + 460*s - 9 - f*s. What is p(-6)?
-3
Let t(w) = -6*w**2 - 45*w + 93*w + 2 + w**3 - 42*w. Give t(5).
7
Let v(i) = -i**2 + 5*i + 1. Let j be (-4)/22 + (-46)/(-11). Suppose 0 = -5*f + 11 + j. Suppose 0 = 4*o + o + g - 29, 0 = -f*o - 4*g + 14. Calculate v(o).
-5
Let f(x) = -x - 5. Let y(d) = 3*d + 33. Let k be y(-13). Let n(c) = -6*c - 31. Let q be n(k). What is f(q)?
-10
Let u = -25 + 27. Let i(n) = -10 - 11*n - 4*n**2 + 8*n**2 - 3*n**u. Let m be i(12). Let j(b) = b**3 + 2*b**2 - 4*b + 3. What is j(m)?
11
Suppose -2*p + 5*j = -0*j - 39, 5*j = -4*p + 3. Let f(n) = 12 - 26 + 3*n + p + 10. Give f(-2).
-3
Suppose 152 = -86*d + 67*d. Let o(j) = -4*j - 21. What is o(d)?
11
Suppose -f + 20 = 3*h - 9, -4*f = -3*h + 49. Let o(n) = n - 8. Determine o(h).
3
Let q(f) = -f**3 + 6*f**2 - 6*f - 1. Let x be q(2). Let u(n) = -n**3 + 3*n**2 - 2*n + 1. Calculate u(x).
-5
Suppose -2*o = o - 15. Let q(y) = -y**3 + 6*y**2 + 4*y + 13. Let l(c) = -c - 1. Let w(h) = o*l(h) + q(h). Calculate w(6).
2
Let g(k) = -k**3 - 3*k**2 - 2*k - 1. Let m(x) = -8*x**2 - 10*x - 28. Let q(r) = 7*r**2 + 10*r + 27. Let s(w) = 6*m(w) + 7*q(w). Let o be s(-6). Determine g(o).
5
Let r(d) be the second derivative of -1/12*d**4 - 3*d + 1/2*d**3 + 0 + d**2. Let a be r(2). Let q(u) = u + 1. Determine q(a).
5
Let d(w) = 8*w**2 - 5*w + 3. Let f(h) = 5*h**2 - 3*h + 2. Let i(v) = 6*d(v) - 10*f(v). What is i(-3)?
-20
Let d(l) be the first derivative of 12 - l + l**2 - 5/3*l**3. What is d(1)?
-4
Let b(h) be the second derivative of -7*h**4/12 - h**3/6 - h**2/2 + h. Let u = -21 + 25. Suppose 1 = 3*q + u. Give b(q).
-7
Let w be (3 + (-57)/9)*3. Let d(q) = 2*q + 14. What is d(w)?
-6
Let d be ((-15)/(-4))/3*8/2. Suppose 11 = d*g - 34. Let n(o) = -o**2 + 7*o + 13. Calculate n(g).
-5
Suppose -5*t + 0*t - 16 = -4*y, 3*t + 8 = 4*y. Let j(a) be the second derivative of 1/3*a**3 + 6*a + 0*a**2 + 0. What is j(y)?
-2
Suppose 56 = 4*s - 16. Let z(j) = 11*j - 48*j + s*j + 18*j + 9. Suppose p - 4*p = 0. Determine z(p).
9
Let k(o) = -o**2 - o + 1. Let r(v) = -3*v**2 - 3*v - 6. Let y(z) = -4*k(z) + r(z). Calculate y(-5).
10
Let s(r) = 5*r + 2. Suppose 2*w + 70 = -4*i - 164, -5*i - 295 = 2*w. Let t = -63 - i. Determine s(t).
-8
Let p(x) = -x**3 - 3*x**2 - 3*x + 5. Let a(g) = 16 + 0 - 10*g**2 - 4*g**3 + 6 - 10*g - 6. Let j(n) = -2*a(n) + 7*p(n). Determine j(0).
3
Let r(w) = -18*w**3 + w**2 - w. Let z(j) be the first derivative of -j**2/2 + 6*j - 34. Let l be z(5). Determine r(l).
-18
Let d(p) = p**2 - 3*p + 4. Let z(m) = 2*m**2 - 6*m + 8. Suppose 53 = -4*s + 4*t + 9, 4 = -2*t. Let o(i) = s*d(i) + 6*z(i). What is o(4)?
-8
Let z(p) = p**2 - 4*p - 19. Let m be z(7). Let j(l) = 5*l**2 - 3*l**3 - m + l + 4*l**3 + 0. Give j(-5).
-7
Let t(l) = -12*l + 3*l + 15 + 8*l. Suppose -r + 8 = 5*q - 7*q, -5*q - 20 = 2*r. Give t(r).
15
Suppose -3*d - 29 = -2*h, 23*h = 20*h + 2*d + 31. Let k(p) = 3*p - 24. What is k(h)?
-3
Let z(g) = -g**3 + 3*g**2 - 3*g + 3. Suppose 10*r + 4 + 26 = 0. Suppose 4*q - 40 = -c - 3*c, 5*q - 86 = 4*c. Let s be q/6 - (-1)/r. Calculate z(s).
1
Let t = -5/53 + 113/636. Let h(i) be the second derivative of 0 + t*i**4 - 3*i - 3/2*i**2 - 1/6*i**3. Give h(0).
-3
Let a(z) = 4*z - 16*z - z**3 - z**2 - 11 + 12*z. Give a(0).
-11
Let d(b) be the third derivative of -b**5/60 + b**4/3 - 4*b**3/3 - 161*b**2. Suppose 0*o - o + 7 = 0. What is d(o)?
-1
Let z(w) = -6*w**2 + w + 2. Let h = 77 + -78. Calculate z(h).
-5
Let m(g) = 14*g - 2*g**2 + 6 - 5*g - g**3 + 0 - 3*g**2. Calculate m(-6).
-12
Let a(j) = -j + 2. Let z be a(-3). Let s(f) = -6 + z - 7 + f. Let v = 42 + -36. What is s(v)?
-2
Let m(i) = i**2 - i + 1. Let q(w) be the first derivative of 13*w**4/4 - 2*w**3/3 + 2*w**2 - 3*w + 5. Let o = 5 + -6. Let r(y) = o*q(y) - 2*m(y). Give r(1).
-14
Let k(g) = g**3 - 10*g**2 - 3*g - 12. Let p(r) = r**3 - 8*r**2 - 4*r - 10. Let f(m) = 3*k(m) - 4*p(m). Give f(4).
0
Let c(q) be the second derivative of q**5/20 - q**4/6 - 5*q**3/6 - q**2 - 3*q. Suppose -5*s + 15 = 0, -5*z = -5*s + 3 - 8. Give c(z).
10
Let r(t) = 10*t - 6 + 5 + t - t + 2*t. Calculate r(3).
35
Suppose -4 = -4*x + 4. Suppose 5*b + 4*n = -12, -4*b - 3*n - 3 = -x*n. Suppose -3*a + 17 + 1 = b. Let v(o) = o**3 - 5*o**2 - 5*o - 4. Determine v(a).
2
Let s(c) = -2*c + 1. Let m(t) = t - 1. Let b(r) = -4*m(r) - 3*s(r). Calculate b(-1).
-1
Let d = -284 - -280. Let s(o) = -o + 5. What is s(d)?
9
Let r(w) = -w**3 + 10*w**2 + 8*w. Suppose -j - 9 = k, 0*k + 5*j - 15 = 5*k. Let x(l) = l**3 - 11*l**2 - 9*l. Let s(v) = k*r(v) - 5*x(v). Give s(6).
18
Let m(j) = j**3 + 9*j**2 - 3. Let a be 1 + 7/(14/(-20)). Calculate m(a).
-3
Let s(z) = -z**2 + 2*z + 3. Let m be -1*4/10*5. Let k be s(m). Let j(c) be the second derivative of c**4/12 + c**3 - 5*c**2/2 + 129*c. What is j(k)?
-10
Let i(o) = o**2 - 2*o + 3. Let w be i(3). Let f(a) = 0*a + 1 - 4*a + 6*a - 6*a + 3*a. What is f(w)?
-5
Suppose 0 = -5*q + 2*v - 0*v + 20, -5*q = 3*v + 5. Let a(j) = -7*j**3 - 7*j**q - 4*j + 20*j**3 - 1 - 14*j**3. Determine a(-6).
-13
Let u(a) = -6*a**2 + 3*a + 1. Let w be 2 + 7 + -5 + -4 + -2. Calculate u(w).
-29
Let j(n) be the first derivative of -n**4/4 - 3*n**3 + n**2/2 + 13*n + 25. Let t be j(-9). Let k(o) = -5*o + 1. What is k(t)?
-19
Let j(d) be the third derivative of d**6/60 + d**5/20 + d**4/24 + d**3/6 - 527*d**2. What is j(-2)?
-5
Suppose -2 = -4*n + 2*n. Let c(m) = 2*m**3 + m - 1. Give c(n).
2
Let g(m) = m**2 + 10*m + 6. Let h(c) be the third derivative of c**5/60 + 7*c**4/24 + 2*c**3/3 + 6*c**2. Let r(u) = -5*g(u) + 7*h(u). What is r(2)?
4
Let z(d) = -d**2 + 10*d - 24. Suppose -23*l = -107 - 54. Give z(l).
-3
Let s = -1 - -3. Suppose -4 = -s*x + 10. Let f(w) be the third derivative of w**5/60 - w**4/3 + w**3 + 450*w**2. Calculate f(x).
-1
Let j be 3/4 + (-84)/(-16). Let c(z) = -z - 1. Let q(w) = -6*w - 6. Let b(i) = 9*c(i) - q(i). Calculate b(j).
-21
Let l(c) = -2*c + 4. Suppose -2*p - 15 = 5*g, p = 3*g - 5*g - 6. What is l(p)?
4
Let l(o) be the third derivative of -5*o**4/24 - o**3/2 - 2*o**2 - 5*o. Calculate l(-2).
7
Let r be (-2)/(((-5)/7)/((-15)/6)). Let g(o) be the third derivative of 0*o + 0 - 1/120*o**6 - 2/15*o**5 - 7/24*o**4 - 2*o**2 + 5/6*o**3. Give g(r).
5
Suppose -2*w = 3*w - 4*d - 38, -3*w - 5*d + 8 = 0. Let j(x) = 4*x + w*x - 9*x - 2*x - 2. What is j(-6)?
4
Let p = 128 + -126. Let z(m) = -4*m**2 - m**2 + 7*m**2 + 1 - 3*m**2 + p*m. Determine z(2).
1
Let q = -34 + 21. Let h = q + 17. Let i(b) = 5*b - 6*b + h - 3. Calculate i(-4).
5
Let k(m) = 4*m**3 - 6*m**2 + 7*m - 1. Let a be k(1). Let b(o) = -a - 2*o + 115*o**3 + 1 + 0*o - 114*o**3. Determine b(-2).
-7
Let t(p) be the third derivative of p**5/60 - 5*p**4/8 + 2*p**3/3 - 71*p**2 + 3*p. Calculate t(16).
20
Let f = -13 - -51. Suppose 5*b = 